te?
False
Is 4751 prime?
True
Is 28981 a prime number?
False
Is 57157 a composite number?
True
Is 114107 a composite number?
True
Is 1391 composite?
True
Is 17151 a composite number?
True
Is 495241 a composite number?
False
Is 2719 a prime number?
True
Is 89389 composite?
True
Is 13217 composite?
False
Is 66145 a prime number?
False
Is 258061 a composite number?
False
Is 45947 composite?
True
Is 389 composite?
False
Is 43271 prime?
True
Is 719941 a composite number?
False
Is 55859 a prime number?
False
Is 387787 prime?
False
Is 30397 composite?
True
Is 536531 a prime number?
True
Is 74047 a composite number?
False
Is 210599 prime?
True
Is 115963 a composite number?
False
Is 45487 a prime number?
False
Is 19181 prime?
True
Is 42611 a composite number?
False
Is 95813 composite?
False
Is 251105 a composite number?
True
Is 18947 prime?
True
Is 35491 a composite number?
False
Is 4561 a composite number?
False
Is 7741 a composite number?
False
Is 244439 a prime number?
False
Is 280607 a prime number?
True
Is 18331 composite?
True
Is 471011 prime?
False
Is 35799 a prime number?
False
Is 14543 prime?
True
Is 198409 a composite number?
False
Is 25166 a composite number?
True
Is 2237 a prime number?
True
Is 14923 a composite number?
False
Is 57637 prime?
True
Is 2161 a prime number?
True
Is 588893 a prime number?
True
Is 367519 prime?
True
Is 64031 a composite number?
True
Is 12981 prime?
False
Is 38821 composite?
False
Is 113101 a composite number?
True
Is 5981 prime?
True
Is 2309 prime?
True
Is 1908129 prime?
False
Is 18263 a composite number?
True
Is 6973 composite?
True
Is 15469 composite?
True
Is 17555 composite?
True
Is 125098 a composite number?
True
Is 32099 prime?
True
Is 25687 prime?
False
Is 929 a composite number?
False
Is 6641 a composite number?
True
Is 4139 composite?
False
Is 1115 a prime number?
False
Is 20201 composite?
False
Is 1993 composite?
False
Is 264007 a composite number?
False
Is 451119 composite?
True
Is 14591 composite?
False
Is 673 a prime number?
True
Is 1800823 prime?
True
Is 22937 a prime number?
True
Is 58631 prime?
True
Is 291923 a prime number?
True
Is 140627 prime?
True
Is 332455 a composite number?
True
Is 79015 prime?
False
Is 745601 a composite number?
False
Is 6931 prime?
False
Is 1574747 a prime number?
True
Is 96581 a composite number?
False
Is 1005449 a composite number?
True
Is 617107 prime?
True
Is 16057 composite?
False
Is 69191 a prime number?
True
Is 2998831 prime?
False
Is 1087 composite?
False
Is 34603 a composite number?
False
Is 70769 a composite number?
False
Is 1473 a composite number?
True
Is 1171 prime?
True
Is 165761 a prime number?
False
Is 30211 a prime number?
True
Is 621638 a prime number?
False
Is 993 a composite number?
True
Is 152491 a prime number?
False
Is 178649 a composite number?
True
Is 3459 a composite number?
True
Is 10433 composite?
False
Is 10519 prime?
False
Is 2291 composite?
True
Is 16477 prime?
True
Is 971 a composite number?
False
Is 11441 a composite number?
True
Is 8161 prime?
True
Is 166585 composite?
True
Is 69991 a prime number?
True
Is 165811 composite?
False
Is 169769 composite?
False
Is 6589 a composite number?
True
Is 3407 a prime number?
True
Is 505877 a composite number?
False
Is 13071 a composite number?
True
Is 353213 a prime number?
False
Is 67511 a prime number?
True
Is 4063 composite?
True
Is 7773 prime?
False
Is 59905 a composite number?
True
Is 28195 a prime number?
False
Is 400907 a prime number?
False
Is 264781 a composite number?
True
Is 80059 a composite number?
True
Is 64373 a prime number?
True
Is 13751 prime?
True
Is 24191 prime?
False
Is 25219 a composite number?
False
Is 55285 a composite number?
True
Is 26853 prime?
False
Is 155626 a prime number?
False
Is 3007 a composite number?
True
Is 97753 prime?
False
Is 749281 a prime number?
False
Is 393017 composite?
False
Is 2894 a composite number?
True
Is 10231 prime?
False
Is 55345 a prime number?
False
Is 28739 a composite number?
True
Is 307771 prime?
False
Is 1398149 a prime number?
False
Is 4499 a composite number?
True
Is 380407 a composite number?
True
Is 597889 composite?
False
Is 3109 a composite number?
False
Is 463861 composite?
False
Is 18773 composite?
False
Is 50069 a prime number?
True
Is 56281 a composite number?
True
Is 1597 a composite number?
False
Is 2020495 a composite number?
True
Is 26998 a prime number?
False
Is 55 a prime number?
False
Is 18701 a composite number?
False
Is 22079 a composite number?
False
Is 2153 a prime number?
True
Is 222133 a prime number?
False
Is 8941 a prime number?
True
Is 211369 composite?
False
Is 68993 a composite number?
False
Is 1127683 a prime number?
True
Is 3985 a prime number?
False
Is 3491 a prime number?
True
Is 220501 prime?
False
Is 44219 a prime number?
False
Is 277901 composite?
True
Is 22051 prime?
True
Is 4010771 a prime number?
True
Is 4233779 composite?
True
Is 22271 a composite number?
False
Is 75401 composite?
False
Is 30539 a prime number?
True
Is 691 prime?
True
Is 6641 a prime number?
False
Is 25787 a prime number?
False
Is 437909 a prime number?
True
Is 1433203 a composite number?
False
Is 17467 composite?
False
Is 1029103 prime?
True
Is 73417 a composite number?
False
Is 43859 a prime number?
False
Is 359 a prime number?
True
Is 598093 a prime number?
True
Is 84089 a composite number?
False
Is 56659 composite?
False
Is 143531 prime?
False
Is 701 composite?
False
Is 9501 prime?
False
Is 235841 a prime number?
False
Is 7391 a prime number?
False
Is 211183 a composite number?
True
Is 28653 a composite number?
True
Is 383909 prime?
True
Is 342223 a prime number?
False
Is 25667 a composite number?
False
Is 4206103 a prime number?
False
Is 11959 prime?
True
Is 22229 a composite number?
False
Is 479303 prime?
False
Is 14853 a composite number?
True
Is 1637 a composite number?
False
Is 5147 prime?
True
Is 73433 a prime number?
True
Is 20245 prime?
False
Is 10039 a prime number?
True
Is 43453 a prime number?
False
Is 474799 a composite number?
True
Is 357311 a prime number?
False
Is 25219 a prime number?
True
Is 26041 a composite number?
False
Is 407993 composite?
False
Is 12209 prime?
False
Is 308949 a prime number?
False
Is 169739 composite?
True
Is 240887 a composite number?
True
Is 587 composite?
False
Is 157442 prime?
False
Is 33703 a prime number?
True
Is 300533 a prime number?
False
Is 43763 prime?
False
Is 4429 prime?
False
Is 16369 composite?
False
Is 11111 composite?
True
Is 2171 a prime number?
False
Is 1063801 a prime number?
False
Is 544097 a prime number?
True
Is 83 prime?
True
Is 103769 a composite number?
False
Is 681673 a composite number?
False
Is 23007 prime?
False
Is 1484761 a composite number?
True
Is 455783 prime?
True
Is 7019 a composite number?
False
Is 23369 prime?
True
Is 2317 prime?
False
Is 233323 composite?
False
Is 1009 prime?
True
Is 12389 a prime number?
False
Is 7700623 a prime number?
False
Is 64969 composite?
False
Is 10589 composite?
False
Is 4111 composite?
False
Is 120515 prime?
False
Is 102953 prime?
True
Is 17371 composite?
True
Is 104347 a prime number?
True
Is 41767 prime?
False
Is 3143 a composite number?
True
Is 30359 prime?
False
Is 13027 composite?
True
Is 42649 a composite number?
False
Is 259577 a prime number?
True
Is 4981 a prime number?
False
Is 11401 composite?
True
Is 47381 composite?
False
Is 1299 a prime number?
False
Is 30547 a composite number?
True
Is 1086803 prime?
False
Is 8857 a prime number?
False
Is 9869 prime?
False
Is 38137 a prime number?
False
Is 20887 a composite number?
False
Is 6197 composite?
False
Is 5999 a prime number?
False
Is 262721 composite?
True
Is 522997 a prime number?
False
Is 89959 a prime number?
True
Is 6209 a composite number?
True
Is 728881 composite?
False
Is 27031 prime?
True
Is 151597 composite?
False
Is 18595 prime?
False
Is 22733 a composite number?
True
Is 145943 composite?
True
Is 62233 prime?
True
Is 122887 a prime number?
True
Is 274403 composite?
False
Is 4757 a composite number?
True
Is 1055 a composite number?
True
Is 1294753 a prime number?
True
Is 23929 composite?
False
Is 85411 a composite number?
False
Is 7969 a prime number?
False
Is 216631 composite?
True
Is 29239 a prime number?
False
Is 27505 a prime number?
False
Is 445507 a co